se
Is 303115537 a composite number?
False
Is 82685474167 prime?
True
Is 132213797 composite?
False
Is 50345320301 a composite number?
False
Is 1283414761 a prime number?
True
Is 68536399553 a prime number?
False
Is 210154979 composite?
True
Is 152280057 a prime number?
False
Is 1534506287 a composite number?
True
Is 92007028733 composite?
False
Is 31848204669 prime?
False
Is 361890653 prime?
False
Is 25214866979 a composite number?
True
Is 10575085337 composite?
True
Is 1937162111 a composite number?
False
Is 118823419537 prime?
True
Is 71906076107 prime?
True
Is 120063733711 composite?
True
Is 22395107551 prime?
True
Is 698615747 composite?
False
Is 51806674043 a prime number?
True
Is 13179045889 prime?
False
Is 370695113 a composite number?
False
Is 61748902783 a composite number?
True
Is 2634171283 prime?
True
Is 248996503753 a composite number?
True
Is 2127025883 prime?
True
Is 243053599 prime?
True
Is 271747087 composite?
False
Is 4794233659 a composite number?
True
Is 112071121703 a prime number?
False
Is 62679979 a prime number?
False
Is 13896752801 composite?
False
Is 23587042957 a prime number?
True
Is 442244609 a composite number?
True
Is 1296618878 a composite number?
True
Is 98971945841 a composite number?
False
Is 30585750629 composite?
True
Is 9883693447 composite?
False
Is 1262346487 prime?
False
Is 1138768133 a prime number?
True
Is 1437697879 a prime number?
False
Is 122054081033 a composite number?
False
Is 40515808477 a prime number?
True
Is 21483467779 prime?
False
Is 30073643059 prime?
False
Is 27062189281 composite?
False
Is 2883232621 prime?
False
Is 71186429 prime?
False
Is 6063597867 a prime number?
False
Is 87440862517 a composite number?
False
Is 829073101 a prime number?
False
Is 343919165 composite?
True
Is 11472797627 composite?
False
Is 5676816677 a prime number?
False
Is 3888095597 composite?
True
Is 11124618733 a composite number?
True
Is 4210798597 composite?
True
Is 3509221 a prime number?
True
Is 18071036411 prime?
False
Is 938322493 a composite number?
False
Is 21588090977 a prime number?
True
Is 12522426233 composite?
True
Is 76695937 composite?
False
Is 64895603 a composite number?
True
Is 874029193 a composite number?
True
Is 492704161 a prime number?
True
Is 91482329819 a composite number?
True
Is 5244672071 prime?
False
Is 272801741 a prime number?
False
Is 48994963 composite?
False
Is 1053537421 prime?
True
Is 141821159 prime?
False
Is 216326093 a composite number?
False
Is 15767727149 a composite number?
False
Is 493355281 composite?
False
Is 2179235999 composite?
False
Is 8295174689 prime?
True
Is 37527055537 composite?
False
Is 403331501 composite?
True
Is 2767200866 a prime number?
False
Is 264831271 composite?
False
Is 20569368931 a composite number?
True
Is 61499909749 a prime number?
True
Is 15629111354 prime?
False
Is 6649037939 prime?
True
Is 12508284673 a prime number?
True
Is 14128847021 prime?
False
Is 77418836899 a composite number?
True
Is 2055558467 prime?
False
Is 1613491703 a composite number?
True
Is 1068193099 a prime number?
False
Is 4170473249 a composite number?
False
Is 22863082469 a composite number?
False
Is 10566758189 composite?
True
Is 6624089203 a prime number?
True
Is 907528397 composite?
False
Is 29322966671 a prime number?
True
Is 2405568301 a prime number?
True
Is 13642610915 prime?
False
Is 1282705451 a prime number?
False
Is 45737825113 a composite number?
False
Is 2418786169 a prime number?
True
Is 26720516861 composite?
True
Is 6882495301 a composite number?
True
Is 130434946199 composite?
True
Is 1499811035 a composite number?
True
Is 1171842509 composite?
False
Is 1331370059 a prime number?
False
Is 2353636203 a composite number?
True
Is 1842602587 prime?
False
Is 774583891 prime?
True
Is 608771417 a prime number?
False
Is 46834745299 a prime number?
False
Is 62133031 a composite number?
True
Is 49036054603 a composite number?
True
Is 1043770857 a composite number?
True
Is 15276146 composite?
True
Is 2071926967 prime?
False
Is 9708232961 a composite number?
True
Is 15480144553 a prime number?
False
Is 1894120207 a composite number?
True
Is 132972637607 prime?
True
Is 41005054843 prime?
False
Is 751973281 composite?
True
Is 446771627 prime?
False
Is 15011138123 a prime number?
True
Is 6031796709 a prime number?
False
Is 36523872449 a prime number?
True
Is 19959018109 composite?
True
Is 531651781 a composite number?
False
Is 94473383 prime?
True
Is 50284435301 prime?
False
Is 1364269723 a composite number?
True
Is 297658415 a composite number?
True
Is 2051185559 a composite number?
False
Is 13034478409 a prime number?
True
Is 1590860857 a prime number?
False
Is 333902039 a prime number?
True
Is 88629262819 a composite number?
False
Is 68533623841 a prime number?
False
Is 5233476257 composite?
False
Is 4615333 a composite number?
False
Is 107535089 prime?
True
Is 1140495137 composite?
True
Is 11522595647 a composite number?
False
Is 10621161251 prime?
True
Is 6548537029 prime?
False
Is 70618774621 prime?
False
Is 225519769 a prime number?
False
Is 42314226863 a prime number?
True
Is 822848177 prime?
True
Is 18992842763 composite?
False
Is 9927472603 a prime number?
False
Is 37025208257 a composite number?
False
Is 16013068189 a prime number?
True
Is 20901914233 prime?
True
Is 1548062641 prime?
False
Is 1128639613 a composite number?
False
Is 26475241433 a prime number?
True
Is 15907372799 a prime number?
False
Is 239439209 composite?
True
Is 3364653137 prime?
False
Is 20570964901 prime?
False
Is 120198899 prime?
True
Is 1599651979 composite?
True
Is 18644838941 a composite number?
False
Is 1193740381 composite?
False
Is 692608942 a composite number?
True
Is 246783781 prime?
False
Is 454466443 composite?
False
Is 10860309545 a prime number?
False
Is 38628495907 a prime number?
True
Is 39299169187 composite?
False
Is 10161060997 a composite number?
False
Is 3406033061 prime?
True
Is 2750017709 a composite number?
False
Is 29270606231 a composite number?
False
Is 31792974149 prime?
True
Is 55657037 prime?
True
Is 191005567 prime?
True
Is 33303335203 prime?
False
Is 4155469627 composite?
False
Is 2425948699 prime?
True
Is 1460514457 a prime number?
True
Is 124958671 a prime number?
True
Is 974746853 composite?
True
Is 93514500349 composite?
False
Is 14092682819 a prime number?
True
Is 2158999421 composite?
True
Is 2650411633 a prime number?
True
Is 155736344553 a composite number?
True
Is 11558253167 a prime number?
True
Is 1497190213 a prime number?
False
Is 18963148349 a composite number?
False
Is 1218728593 a composite number?
True
Is 587722931 a prime number?
True
Is 26082099047 composite?
False
Is 4281119399 prime?
False
Is 5251065559 composite?
False
Is 102722122681 a prime number?
False
Is 1213657301 a composite number?
True
Is 13871582609 a composite number?
True
Is 13063620151 composite?
True
Is 47310313553 a prime number?
False
Is 3898304981 a prime number?
True
Is 24546256733 a composite number?
True
Is 11518318921 a composite number?
True
Is 110685478223 prime?
True
Is 128975999 composite?
False
Is 7963690121 composite?
False
Is 1173920749 a composite number?
False
Is 40488846817 a prime number?
False
Is 8745754709 a prime number?
True
Is 174742747 composite?
False
Is 1648108297 a prime number?
False
Is 891050033 a prime number?
True
Is 567052293 a composite number?
True
Is 840352571 composite?
False
Is 2534929777 a composite number?
False
Is 6241023373 a prime number?
False
Is 323088937 prime?
False
Is 104315040191 composite?
False
Is 1037905117 prime?
False
Is 15239301073 prime?
True
Is 100710593 composite?
True
Is 2293169447 a composite number?
False
Is 1495484867 composite?
False
Is 4196454109 a prime number?
True
Is 61997579399 composite?
True
Is 42262880479 composite?
False
Is 1283149753 composite?
True
Is 128009423 prime?
False
Is 1672412719 prime?
True
Is 24773933039 composite?
False
Is 2416879921 composite?
False
Is 626950783 a composite number?
True
Is 42645589337 prime?
False
Is 4998746747 a composite number?
False
Is 56532263527 prime?
False
Is 1814226511 prime?
True
Is 16833004253 prime?
False
Is 15282560119 a composite number?
False
Is 59019069 prime?
False
Is 1334291383 composite?
True
Is 96010439299 composite?
False
Is 266078663 prime?
F